{"id":42,"date":"2026-05-07T19:24:43","date_gmt":"2026-05-07T19:24:43","guid":{"rendered":"https:\/\/pirosutak.hu\/?page_id=42"},"modified":"2026-05-13T18:17:46","modified_gmt":"2026-05-13T18:17:46","slug":"nyugat-magyarorszag","status":"publish","type":"page","link":"https:\/\/pirosutak.hu\/index.php\/nyugat-magyarorszag\/","title":{"rendered":"NYUGAT-MAGYARORSZ\u00c1G"},"content":{"rendered":"\n<p>B\u00e1r a K\u00e9k-t\u00fara elker\u00fcli a Szigetk\u00f6zt \u00e9s a Kisalf\u00f6ldet, itt Gy\u0151rben \u00e9s k\u00f6rny\u00e9k\u00e9n is van hov\u00e1 \u00e9s mi\u00e9rt kir\u00e1ndulni.<\/p>\n\n\n\n<p><strong>Kisalf\u00f6ldi Piros &nbsp;egy k\u00fcl\u00f6nleges region\u00e1lis t\u00fara\u00fatvonal, amely \u00e9ppen az\u00e9rt ide\u00e1lis nek\u00fcnk, mert az orsz\u00e1g egyik leglaposabb vid\u00e9k\u00e9n halad kereszt\u00fcl. <\/strong><\/p>\n\n\n\n<p>A t\u00fara teljes hossza k\u00f6r\u00fclbel\u00fcl&nbsp;143 km. Az \u00fatvonal f\u0151bb \u00e9rintett pontjai: <\/p>\n\n\n\n<ul class=\"wp-block-list\">\n<li>Pannonhalma&nbsp;(vas\u00fat\u00e1llom\u00e1s)<\/li>\n\n\n\n<li>M\u00e9nf\u0151csanak<\/li>\n\n\n\n<li>Gyirm\u00f3t&nbsp;(Gy\u0151r k\u00fclv\u00e1rosa)<\/li>\n\n\n\n<li>L\u00e9b\u00e9ny<\/li>\n\n\n\n<li>Kimle<\/li>\n\n\n\n<li>H\u00e9derv\u00e1r<\/li>\n\n\n\n<li>Dunaszeg<\/li>\n\n\n\n<li>Gy\u0151r<\/li>\n<\/ul>\n\n\n\n<p><strong>Egy\u00e9b piros t\u00far\u00e1k itt Gy\u0151r-Moson-Sopron megy\u00e9ben<\/strong><\/p>\n\n\n\n<ul class=\"wp-block-list\">\n<li>Soproni Piros:&nbsp;A Soproni-hegys\u00e9g egyik kiemelt turista\u00fatvonala, amely t\u00f6bb helyen is \u00e9rinti a n\u00e9pszer\u0171 kir\u00e1ndul\u00f3helyeket.<\/li>\n\n\n\n<li>Peryche Holt-R\u00e1bca Menti Tan\u00f6sv\u00e9ny (4.6 km) B\u00f6rcs\u00f6n<\/li>\n\n\n\n<li>G\u0151r\u00fajbar\u00e1ton a t\u00e1bor k\u00f6zel\u00e9ben is vannak turistautak, pl. a piros toboz jel\u00f6l\u00e9s\u0171<\/li>\n<\/ul>\n","protected":false},"excerpt":{"rendered":"<p>B\u00e1r az orsz\u00e1g legismertebb t\u00fara\u00fatvonala, a K\u00e9k-t\u00fara elker\u00fcli a mi vid\u00e9k\u00fcnket, a kisalf\u00f6ldi piros utak, a Szigetk\u00f6z \u00e9s Sopron k\u00f6rny\u00e9ke is rejteget sz\u00e9p vid\u00e9keket.<\/p>\n","protected":false},"author":1,"featured_media":82,"parent":0,"menu_order":0,"comment_status":"closed","ping_status":"closed","template":"","meta":{"footnotes":""},"class_list":["post-42","page","type-page","status-publish","has-post-thumbnail","hentry"],"_links":{"self":[{"href":"https:\/\/pirosutak.hu\/index.php\/wp-json\/wp\/v2\/pages\/42","targetHints":{"allow":["GET"]}}],"collection":[{"href":"https:\/\/pirosutak.hu\/index.php\/wp-json\/wp\/v2\/pages"}],"about":[{"href":"https:\/\/pirosutak.hu\/index.php\/wp-json\/wp\/v2\/types\/page"}],"author":[{"embeddable":true,"href":"https:\/\/pirosutak.hu\/index.php\/wp-json\/wp\/v2\/users\/1"}],"replies":[{"embeddable":true,"href":"https:\/\/pirosutak.hu\/index.php\/wp-json\/wp\/v2\/comments?post=42"}],"version-history":[{"count":6,"href":"https:\/\/pirosutak.hu\/index.php\/wp-json\/wp\/v2\/pages\/42\/revisions"}],"predecessor-version":[{"id":422,"href":"https:\/\/pirosutak.hu\/index.php\/wp-json\/wp\/v2\/pages\/42\/revisions\/422"}],"wp:featuredmedia":[{"embeddable":true,"href":"https:\/\/pirosutak.hu\/index.php\/wp-json\/wp\/v2\/media\/82"}],"wp:attachment":[{"href":"https:\/\/pirosutak.hu\/index.php\/wp-json\/wp\/v2\/media?parent=42"}],"curies":[{"name":"wp","href":"https:\/\/api.w.org\/{rel}","templated":true}]}}